e highest common divisor of 21932735 and 11.
11
Calculate the greatest common factor of 1621300 and 207700.
3100
Calculate the highest common factor of 11130507 and 774.
387
Calculate the highest common factor of 18016370 and 230.
10
Calculate the greatest common divisor of 68320 and 74956.
28
What is the highest common factor of 1001 and 370016647?
1001
What is the highest common factor of 1032 and 663146?
86
Calculate the greatest common divisor of 8887154 and 138.
46
What is the highest common factor of 65 and 15478210?
5
Calculate the greatest common factor of 11271 and 197025036.
663
Calculate the greatest common divisor of 1715 and 3349738.
343
What is the greatest common divisor of 154017 and 474150?
327
What is the highest common factor of 969 and 9103109?
323
Calculate the greatest common divisor of 2563917 and 11608.
1451
Calculate the highest common factor of 1438 and 232180918.
1438
What is the greatest common divisor of 51644055 and 184637?
10861
Calculate the greatest common divisor of 1 and 10435872.
1
Calculate the greatest common divisor of 83767040 and 416.
32
What is the greatest common divisor of 1467 and 2595449?
163
What is the highest common divisor of 1872733 and 87?
29
What is the highest common divisor of 780 and 22405240?
260
What is the greatest common divisor of 8892879 and 232?
29
What is the greatest common factor of 97760 and 110331325?
3055
Calculate the highest common divisor of 169350 and 3270.
30
What is the greatest common divisor of 11866 and 59806?
34
Calculate the highest common divisor of 240550141 and 91.
13
Calculate the highest common divisor of 120 and 20179800.
120
Calculate the highest common divisor of 177897984 and 8448.
8448
What is the highest common factor of 2078639 and 764536?
227
Calculate the greatest common factor of 108164899 and 277.
277
What is the greatest common divisor of 10881434 and 15822?
586
What is the greatest common divisor of 2720 and 742688?
32
What is the greatest common divisor of 119 and 4850440?
119
What is the highest common divisor of 948 and 17148372?
948
What is the highest common divisor of 47442717 and 8127?
2709
What is the highest common divisor of 5923516 and 5434?
38
What is the greatest common divisor of 35077 and 574?
7
Calculate the highest common divisor of 20654806 and 37.
37
Calculate the greatest common divisor of 396106 and 3519.
23
What is the greatest common divisor of 578893588 and 7735?
1547
Calculate the greatest common divisor of 35025738 and 6.
6
Calculate the greatest common divisor of 94303 and 154.
11
Calculate the greatest common divisor of 4416 and 27204.
12
What is the greatest common factor of 5094012 and 88319?
2849
Calculate the highest common divisor of 82548 and 8946.
18
Calculate the highest common divisor of 3 and 40272432.
3
What is the greatest common divisor of 210048 and 3072?
384
Calculate the highest common factor of 695163305 and 730.
365
Calculate the highest common divisor of 1211820 and 6840.
1140
Calculate the greatest common divisor of 810 and 2543886.
162
Calculate the greatest common factor of 134 and 2932858.
134
Calculate the highest common divisor of 9580260 and 860.
20
What is the greatest common factor of 15486 and 2008018?
5162
Calculate the highest common factor of 25636 and 20037628.
884
Calculate the highest common divisor of 2217 and 7269.
3
Calculate the greatest common factor of 272277303 and 2253.
2253
What is the highest common divisor of 2067 and 376512?
159
Calculate the highest common factor of 78200485 and 285.
95
What is the greatest common factor of 629 and 15884579?
17
Calculate the highest common divisor of 7964 and 1250084.
44
Calculate the greatest common divisor of 473391 and 82503.
801
What is the highest common factor of 22 and 84067863?
11
Calculate the highest common divisor of 14784 and 100188.
132
What is the greatest common factor of 4410107 and 949?
13
Calculate the greatest common factor of 99 and 121739772.
33
Calculate the greatest common divisor of 18673 and 268523.
263
Calculate the greatest common factor of 1085363 and 1591.
43
What is the greatest common factor of 169194 and 7824?
978
What is the highest common factor of 160155 and 113835?
15
Calculate the highest common factor of 38607868 and 884.
52
What is the highest common factor of 12138 and 157278135?
6069
Calculate the highest common factor of 2220 and 195989.
37
What is the greatest common divisor of 106933910 and 70?
10
What is the greatest common factor of 57362340 and 2400?
60
Calculate the highest common divisor of 365729 and 2986117.
4019
Calculate the greatest common factor of 76 and 1204966.
2
Calculate the greatest common factor of 363 and 24296437.
121
What is the highest common divisor of 10923 and 430533686?
3641
What is the greatest common divisor of 664 and 525856?
8
What is the greatest common factor of 561835 and 136420?
1795
Calculate the highest common divisor of 120 and 45801000.
120
Calculate the greatest common factor of 4 and 3167497.
1
Calculate the highest common factor of 15 and 99072951.
3
Calculate the highest common factor of 91 and 25175956.
13
What is the highest common factor of 2839 and 2300759?
167
What is the highest common factor of 310 and 41101660?
310
What is the greatest common divisor of 4460374 and 4582?
58
What is the greatest common factor of 3825675 and 25?
25
Calculate the highest common factor of 642624197 and 813.
271
What is the highest common divisor of 47760 and 65073?
597
Calculate the highest common divisor of 19695 and 35267685.
1515
What is the greatest common factor of 29087 and 901204?
493
What is the greatest common divisor of 1272 and 12375076?
212
Calculate the greatest common divisor of 860236 and 33552.
932
Calculate the greatest common divisor of 4419450 and 2898.
2898
What is the greatest common factor of 84720 and 35205?
15
What is the greatest common factor of 19044 and 2287396?
2116
Calculate the highest common divisor of 152 and 952717.
19
Calculate the highest common divisor of 1995 and 2558045.
35
What is the greatest common factor of 3497814 and 414?
18
What is the highest common factor of 3257730 and 15?
15
Calculate the highest common factor of 33940332 and 180.
36
Calculate the highest common factor of 21476 and 296534.
826
What is the greatest common factor of 1595 and 7214765?
145
What is the highest common divisor of 1888 and 2686576?
16
What is the highest common factor of 1101890 and 3255470?
2510
What is the greatest common divisor of 6776 and 2418152?
88
What is the highest common factor of 300 and 17046300?
300
What is the greatest common divisor of 3 and 24085029?
3
Calculate the highest common factor of 1895292 and 3815.
763
Calculate the greatest common factor of 12989 and 3410.
31
What is the greatest common divisor of 85519 and 293?
1
What is the greatest common divisor of 44632001 and 70349?
683
Calculate the highest common divisor of 27675 and 203225.
25
Calculate the greatest common divisor of 876 and 192965572.
292
What is the greatest common divisor of 1728 and 254192?
16
What is the greatest common factor of 75700356 and 18?
6
Calculate the greatest common divisor of 718714 and 287.
1
Calculate the greatest common factor of 46440 and 1369440.
1080
Calculate the highest common factor of 24757 and 144647.
19
Calculate the greatest common divisor of 15350 and 170450.
50
Calculate the greatest common factor of 1821123 and 242595.
81
What is the greatest common factor of 550 and 1056100?
50
Calculate the highest common factor of 32555545 and 435.
145
Calculate the greatest common factor of 4012055 and 40795.
205
What is the greatest common factor of 6768 and 29604?
12
Calculate the greatest common factor of 116 and 9958426.
58
What is the greatest common divisor of 2814318650 and 143?
143
What is the greatest common factor of 88677822 and 654?
654
Calculate the highest common factor of 47392 and 36.
4
Calculate the highest common factor of 205875 and 9826002.
1647
Calculate the highest common factor of 38946 and 6.
6
What is the greatest common divisor of 20850150 and 291?
291
Calculate the highest common divisor of 8577 and 487936.
953
Calculate the greatest common factor of 90 and 8883705.
15
Calculate the highest common divisor